the highest common factor of n and m?
19
Let t(v) = 124 - 3 - 14*v + v**2 - 67. Let p be t(8). Suppose 5*b = -5*l + 210, 3*b + 39 + 45 = 2*l. Calculate the greatest common divisor of p and l.
6
Let h(p) = -p**3 + 10*p**2 + p + 9. Let d be h(12). Let m = d - -274. Calculate the greatest common divisor of 1 and m.
1
Suppose -4*i - 44 = -2*w, 8*w - 3*w - i - 128 = 0. Suppose -5*u - 3*x - x = -540, -3*x - 401 = -4*u. What is the greatest common divisor of w and u?
26
Let y(g) = 19*g - 55. Suppose a + 4*k - 9 = -0*a, -16 = -4*a + 4*k. Let n be y(a). Suppose -2*c - 5 = -3*c. What is the highest common divisor of c and n?
5
Suppose -5*f = -10, 0*f - 4*f = -3*n + 10. Suppose -s = 4*k - 3 + 6, -n = 3*k. What is the highest common divisor of s and 5?
5
Let u(v) = -v**3 - 75*v**2 + 66*v - 31. Let m be u(-76). What is the highest common factor of 6 and m?
3
Let g = 21505 + -21477. Let y(w) = 8*w + 3. Let l be y(4). Calculate the highest common divisor of l and g.
7
Suppose -l = -0*l - 5*i + 16, 4*l + i = 20. Let d be (0/3)/(-7) + -1 + -167. Let n = d + 169. Calculate the greatest common factor of l and n.
1
Let j(w) = -7 - 4*w + 1 + 5*w + w**2. Let b be j(-5). Suppose 2*f + 216 = 2*l, l - 5*f - 167 = -75. Calculate the greatest common factor of l and b.
14
Let f be -3*(-5 + 6) + 1449/9. What is the greatest common factor of f and 9638?
158
Let c = -107 - -170. Suppose 5*n - 125 = -3*d - c, 0 = 5*d - 3*n - 58. What is the highest common divisor of d and 21?
7
Let o(h) = h**2 + 11*h - 10. Let r be o(-12). Suppose 0 = r*i - 7*i + 4*a + 430, 0 = -3*a + 15. Calculate the highest common divisor of i and 110.
10
Suppose -3*q - 5720 = -15*q - 8*q. Calculate the greatest common divisor of 242 and q.
22
Let i be (-3)/((-6)/110) + -1. Let p = -31 + 94. Let o be p*(9 + 61/(-7)). What is the greatest common factor of i and o?
18
Let u be (-2)/((-5)/((-350)/(-4))). Let i = -86 + 254. Let a = i + -161. What is the greatest common divisor of u and a?
7
Let j = -50 - -54. Suppose 280 = j*x + m - 257, 4*x = 5*m + 555. Calculate the highest common factor of x and 15.
15
Let k(y) = -3*y**3 + 24*y**2 + 108*y + 195. Let o be k(-15). What is the greatest common divisor of o and 25?
25
Suppose -2*u - 4*d + 14 = 0, -6*u + u + 2*d = -11. Let q = -277 + 275. Let j be (-3262)/(-98) - q/(-7). Calculate the greatest common divisor of j and u.
3
Suppose 2 = 15*n - 58. Suppose 5*i = -n*d + 160, -d = 3 + 2. Calculate the greatest common factor of i and 45.
9
Suppose -3*h = 3*m - 21, 2*h = 5*m - 0*m - 49. Let w = 12 - m. Suppose q - 30 = d, 0 = -w*q + 2*d - 7*d + 82. Calculate the greatest common factor of q and 261.
29
Let l = 320 + 2968. What is the greatest common divisor of 48 and l?
24
Let s(x) = -x + 80. Let a be s(12). Let k = 1580 - 968. What is the highest common factor of k and a?
68
Let z(c) = -c**2 - 33*c - 164. Let r be z(-21). What is the greatest common divisor of 3 and r?
1
Let g(r) = 81*r**2 + 8*r - 8. Let l be g(1). What is the greatest common divisor of l and 3375?
27
Let t be -2 + -4 + (5 - 328/(-8)). What is the highest common factor of t and 2920?
40
Let i(z) = 3998*z**2 + 59*z. Let g be i(-1). What is the greatest common factor of 78 and g?
39
Let y = 143 - 63. Let i = y + -22. Suppose -17 + i = 4*z - 5*c, 4*c = 3*z - 32. What is the greatest common factor of 4 and z?
4
Suppose 6*a = 30 + 44 - 14. What is the greatest common divisor of a and 305?
5
Suppose 28*a = 32*a. Suppose a = -2*q - 0*z - 3*z + 285, 4*z = -5*q + 702. Calculate the greatest common factor of q and 207.
69
Suppose 0 = 5*q - 9*q + 1040. Let f be 168/14 + (18 - -74). What is the greatest common divisor of f and q?
52
Suppose -36 = -3*j - 9*j. Suppose 2*l - 228 = -u, -l + j*l - 2*u - 240 = 0. Calculate the greatest common factor of 290 and l.
58
Let l(i) = i**2 - 19*i + 5. Let z = 22 - 24. Let v be ((-2)/z)/(((-3)/19)/(-3)). Let p be l(v). Calculate the greatest common factor of p and 45.
5
Suppose 72 = 4*i - 20. Let t = i + -25. Let m be 4 - (t - 2 - 38). What is the highest common divisor of 115 and m?
23
Suppose -o + 120 = f, 272 = 2*o - 281*f + 287*f. Suppose 0 = -5*i - 0*i + 160. What is the highest common factor of i and o?
16
Suppose 4*o - 420 = 5*i + 396, -5*i - 408 = -2*o. What is the greatest common divisor of 300 and o?
12
Let k(o) = -17*o - 1. Suppose -3*w - 2*w = 5. Let c be k(w). Suppose 343*f = 344*f + 5, 2*f + 82 = 3*l. What is the greatest common factor of l and c?
8
Suppose -5*l - 7 - 18 = 0, -3*f = -l - 3179. Suppose 0 = 4*a + n - f, -n - 4*n + 10 = 0. What is the highest common factor of 24 and a?
24
Suppose 40*a - 48*a = -24. Suppose 0 = -3*z + a*u + 240, -14*z + 19*z - 404 = 4*u. What is the greatest common factor of z and 126?
42
Suppose -5*h = -3*f + 682 - 2298, -5*f - 1620 = -5*h. Calculate the highest common factor of 69 and h.
23
Suppose -7*s = 11*s - 3*s. Suppose s = -21*b + 17*b + 1452. Let h be (1*-2 + 3)*33. What is the greatest common factor of h and b?
33
Suppose -4*w + 3*w + h + 49 = 0, h - 221 = -5*w. Suppose -2*f + 4*f - 4 = 0, 3*f = 3*g - 264. Calculate the highest common factor of g and w.
45
Suppose -39*v = 58*v - 34*v - 11907. What is the greatest common factor of v and 6867?
63
Let h = -139594 + 139671. Suppose 3*t = -3*g + 24, 3*t = -2*g - 0*g + 17. What is the highest common divisor of g and h?
7
Let x = 84 + -80. Suppose -15 = o + 4*k - 61, -x*o - k = -229. What is the highest common factor of 2 and o?
2
Suppose -a - 1375 = -5*a - 3*x, -5*a + 2*x + 1690 = 0. Let b = -120 + a. Let j be 4*3/(-16) + 1775/20. Calculate the greatest common divisor of j and b.
44
Suppose 0 = 5*b - 1319 - 221. Let z be ((-246)/(-18) - 23)*(-1386)/147. What is the greatest common factor of b and z?
44
Suppose -12 = 4*u, -v = -2*u + u - 109. Let p(x) = -x**3 + 5*x**2 + 17*x - 82. Let q be p(4). Calculate the greatest common factor of q and v.
2
Let x(k) = 7 - 3*k - 2 + k + 5*k. Let v = 1448 + -1446. Let m be x(v). What is the greatest common factor of 1 and m?
1
Let c(f) = -78*f + 625. Let g be c(8). Suppose -5*h - 5 = 0, 2*k + 2*h = -2*h + 2. Suppose -t + k = 2*t. Calculate the greatest common divisor of g and t.
1
Suppose 3*p - 53606 = -5*b - 11510, -4*b = 2*p - 28060. What is the highest common factor of 714 and p?
238
Let n = -1181 - -1416. What is the highest common divisor of n and 188?
47
Suppose 5*i + 98 + 102 = 0. Let t = i + 68. Suppose 6*o - 1589 = -221*o. What is the greatest common divisor of o and t?
7
Let u(i) = -i**3 + 41*i**2 - 9*i + 189. Let x be u(0). What is the highest common divisor of 12096 and x?
189
Let l be 9/18*(-2 - 18/(-3)). Suppose -l*b + 261 = 7*b. What is the greatest common factor of b and 493?
29
Let m = 431 + -424. Let l be m*15 + (90/9)/2. What is the highest common divisor of 880 and l?
110
Let s(y) = 4*y**3 - 19. Let t be s(0). Let z be 416/(-12)*(t/4 - 2). Calculate the greatest common divisor of z and 26.
26
Suppose -63 = -p - j, 5*p + j = 2*j + 327. Let w = p + -68. Let t be (7 + 4)*w/(-3) + -1. What is the highest common divisor of 70 and t?
10
Let h(f) = -6*f + 17. Let m be h(4). Let x(d) = 10*d + 11. Let k be x(m). Let c = k + 64. What is the highest common divisor of c and 1?
1
Suppose -143 = 2*a - 29. Let m = -54 - a. Let x be 186/18 - m/9. What is the highest common divisor of x and 25?
5
Let i be (-4)/8 + (-287)/(-2). Suppose 0 = -4*w + 32, -5*m - 24*w + 29*w + 220 = 0. Calculate the highest common divisor of m and i.
13
Let n = 999 - 919. What is the greatest common factor of 1990 and n?
10
Let v be (-1071889)/(-175) + (-52)/650. Calculate the greatest common divisor of v and 125.
125
Let t = 22802 + -22786. Let i = -99 - -155. Calculate the highest common divisor of i and t.
8
Let h(o) be the third derivative of 23*o**4/12 - 2*o**3 - 41*o**2. Let p be h(3). Calculate the highest common divisor of 84 and p.
42
Let w(n) = 298*n - 1474. Let f be w(5). Calculate the highest common divisor of 8192 and f.
16
Let y(z) = -97*z - 192. Let s be y(-6). Calculate the highest common divisor of 480 and s.
30
Let c(s) = 7*s**2 - 7*s + 9. Let b be c(3). Let f = b - -13. Let j = f + -55. Calculate the highest common divisor of 6 and j.
3
Let x(n) = -n**2 + 8*n - 9. Let z be x(5). Suppose z = -2*q + 5*k - 0, -k = 3*q - 8. Let i be (2 + -3)*10/(-5